 3, 5, 66523783
List the prime factors of 956136290.
2, 5, 269, 355441
List the prime factors of 101515113.
3, 7, 25577
What are the prime factors of 58583050?
2, 5, 1171661
List the prime factors of 1483116819.
3, 47, 10518559
What are the prime factors of 47126341?
47126341
List the prime factors of 565761534.
2, 3, 13, 67, 73, 1483
List the prime factors of 464998774.
2, 23, 181, 55849
What are the prime factors of 159968136?
2, 3, 6665339
What are the prime factors of 3935014535?
5, 61, 283, 45589
What are the prime factors of 278757570?
2, 3, 5, 7, 13, 29, 503
List the prime factors of 256378174.
2, 13, 157, 181, 347
What are the prime factors of 1039555926?
2, 3, 433, 133379
List the prime factors of 458826623.
7789, 58907
What are the prime factors of 656126?
2, 328063
List the prime factors of 466251377.
23, 31, 653929
List the prime factors of 3122475858.
2, 3, 57823627
What are the prime factors of 2651932821?
3, 23, 1567, 24527
What are the prime factors of 850565085?
3, 5, 613, 92503
List the prime factors of 3074490998.
2, 1537245499
What are the prime factors of 47204171?
7, 6743453
What are the prime factors of 62437006?
2, 761, 41023
What are the prime factors of 4658032999?
31, 199, 755071
What are the prime factors of 5960326925?
5, 7, 4865573
List the prime factors of 1547034968.
2, 193379371
List the prime factors of 8444194002.
2, 3, 257, 608459
List the prime factors of 5312853313.
113, 2927, 16063
What are the prime factors of 1067917498?
2, 533958749
List the prime factors of 120795450.
2, 3, 5, 503, 1601
List the prime factors of 1888860.
2, 3, 5, 31481
What are the prime factors of 860353520?
2, 5, 13, 401, 2063
List the prime factors of 514229688.
2, 3, 7, 181, 1879
List the prime factors of 658611762.
2, 3, 23, 71, 67219
What are the prime factors of 105012247?
17, 6177191
List the prime factors of 26720353.
11, 71, 34213
List the prime factors of 19041902.
2, 11, 37, 149, 157
List the prime factors of 30709057.
29, 173, 6121
List the prime factors of 314923557.
3, 13, 29, 21419
List the prime factors of 226158885.
3, 5, 23, 8093
What are the prime factors of 270326149?
8543, 31643
List the prime factors of 6524747.
6524747
List the prime factors of 299520966.
2, 3, 49920161
What are the prime factors of 855673771?
855673771
List the prime factors of 244599110.
2, 5, 7, 3494273
List the prime factors of 447676295.
5, 11, 8139569
List the prime factors of 241463458.
2, 97, 193, 6449
What are the prime factors of 145012323?
3, 48337441
List the prime factors of 22943878.
2, 11471939
List the prime factors of 813069409.
863, 942143
List the prime factors of 135151427.
19, 23, 309271
What are the prime factors of 806237499?
3, 6337, 42409
List the prime factors of 68922.
2, 3, 7, 547
List the prime factors of 1494168944.
2, 193, 483863
List the prime factors of 1452578573.
1452578573
What are the prime factors of 3571408634?
2, 1785704317
What are the prime factors of 51289308?
2, 3, 7, 67843
List the prime factors of 16388599.
83, 197453
List the prime factors of 465539226.
2, 3, 157, 317, 1559
What are the prime factors of 187752929?
7, 13, 181, 11399
What are the prime factors of 3146983225?
5, 125879329
List the prime factors of 3784106889.
3, 46717369
List the prime factors of 386106222.
2, 3, 47, 179, 7649
List the prime factors of 6323505098.
2, 61, 51832009
What are the prime factors of 103046847?
3, 113, 449, 677
What are the prime factors of 24782661?
3, 23, 119723
List the prime factors of 1951721070.
2, 3, 5, 13, 79, 63347
What are the prime factors of 2863741344?
2, 3, 29830639
What are the prime factors of 51861920?
2, 5, 11, 79, 373
What are the prime factors of 153704982?
2, 3, 41, 53, 11789
List the prime factors of 191753746.
2, 2749, 34877
What are the prime factors of 44389022?
2, 1229, 18059
What are the prime factors of 225540660?
2, 3, 5, 3759011
List the prime factors of 7081830266.
2, 7, 37, 13671487
List the prime factors of 558163018.
2, 7, 647, 8803
List the prime factors of 501168551.
13, 17, 23, 98597
List the prime factors of 25641857.
149, 172093
What are the prime factors of 104750195?
5, 11, 1904549
List the prime factors of 115980356.
2, 73, 5441
What are the prime factors of 60540209?
23, 71, 131, 283
What are the prime factors of 34452023?
34452023
List the prime factors of 2236140870.
2, 3, 5, 347, 214807
List the prime factors of 175817045.
5, 67, 524827
What are the prime factors of 177892670?
2, 5, 29, 37, 59, 281
What are the prime factors of 1572455235?
3, 5, 13, 8063873
List the prime factors of 357330788.
2, 71, 1258207
List the prime factors of 309746761.
31, 1151, 8681
List the prime factors of 33175789.
17, 821, 2377
List the prime factors of 15320783.
19, 23, 35059
List the prime factors of 45028467.
3, 11, 97, 521
What are the prime factors of 6957670554?
2, 3, 307, 419693
List the prime factors of 189755465.
5, 131, 211, 1373
What are the prime factors of 57426296?
2, 7178287
What are the prime factors of 339297130?
2, 5, 2671, 12703
What are the prime factors of 62335880?
2, 5, 1558397
List the prime factors of 3650588813.
44417, 82189
List the prime factors of 700201744.
2, 11, 1223, 3253
What are the prime factors of 1856398166?
2, 7, 199, 613, 1087
What are the prime factors of 60949426?
2, 103, 295871
List the prime factors of 2571426254.
2, 31, 167, 248351
What are the prime factors of 310914703?
11, 2569543
What are the prime factors of 818397496?
2, 7, 59, 67, 3697
What are the prime factors of 1267571838?
2, 3, 13, 16250921
List the prime factors of 4917379.
839, 5861
What are the prime factors of 3469125603?
3, 1156375201
List the prime factors of 97880328.
2, 3, 7, 13, 14939
What are the prime factors of 174072608?
2, 89, 61121
What are the prime factors of 878581990?
2, 5, 11, 13, 167, 283
List the prime factors of 53912195.
5, 89, 121151
List the prime factors of 1072624304.
2, 31, 2162549
What are the prime factors of 108065411?
31, 139, 809
List the prime factors of 150840814.
2, 75420407
List the prime factors of 597392651.
71, 8413981
What are the prime factors of 82746037?
11, 31, 151, 1607
List the prime factors of 4683571911.
3, 43, 233, 51941
What are the prime factors of 66618639?
3, 2467357
What are the prime factors of 1772501233?
23, 77065271
List the prime factors of 77279489.
7, 1103, 10009
What are the prime factors of 154052633?
7, 61, 360779
What are the prime factors of 5120980053?
3, 7, 710951
What are the prime factors of 554538494?
2, 277269247
List the prime factors of 1032275863.
197, 853, 6143
List the prime factors of 34359025.
5, 41, 33521
What are the prime factors of 864263005?
5, 2803, 61667
What are the prime factors of 17525713?
2017, 8689
List the prime factors of 32744652.
2, 3, 17, 151, 1063
List the prime factors of 14534034.
2, 3, 641, 3779
What are the prime factors of 6379371723?
3, 29537, 71993
What are the prime factors of 588905205?
3, 5, 7, 5608621
List the prime factors of 5273652104.
2, 7, 191, 493049
What are the prime factors of 93308178?
2, 3, 15551363
List the prime factors of 52180202.
2, 311, 83891
What are the prime factors of 54855897?
3, 23, 61, 13033
What are the prime factors of 166521432?
2, 3, 7, 11, 251, 359
What are the prime factors of 3859022634?
2, 3, 29, 157, 141263
List the prime factors of 2214424.
2, 131, 2113
List the prime factors of 638956171.
7, 107, 853079
List the prime factors of 159728919.
3, 7, 7606139
What are the prime factors of 235714313?
337, 699449
List the prime factors of 1560459216.
2, 3, 32509567
What are the prime factors of 30065187?
3, 163, 61483
List the prime factors of 129648745.
5, 97, 267317
What are the prime factors of 744633431?
41, 18161791
List the prime factors of 277712478.
2, 3, 15428471
List the prime factors of 125345184.
2, 3, 1305679
What are the prime factors of 24118078?
2, 12059039
What are the prime factors of 243660932?
2, 17, 409, 8761
What are the prime factors of 480441023?
1097, 437959
List the prime factors of 27352922.
2, 751, 18211
What are the prime factors of 115723947?
3, 17, 2269097
What are the prime factors of 7180754303?
19, 377934437
What are the prime factors of 1733103407?
7, 131, 277, 6823
List the prime factors of 141932052.
